{"id":139,"date":"2014-07-10T22:54:43","date_gmt":"2014-07-10T20:54:43","guid":{"rendered":"http:\/\/waldorfschule-ingolstadt.de\/wordpress\/?page_id=139"},"modified":"2022-04-14T12:34:34","modified_gmt":"2022-04-14T10:34:34","slug":"kontaktformular","status":"publish","type":"page","link":"https:\/\/waldorfschule-ingolstadt.de\/?page_id=139","title":{"rendered":"Kontakt"},"content":{"rendered":"\n<p>Eine Waldorfschule in unserer Region ist unser Ziel. Erfahren Sie mehr, erz\u00e4hlen Sie \u00fcber unser Vorhaben in Ihrem Familien- und Bekanntenkreis und machen Sie mit, gestalten Sie die Zukunft der n\u00e4chsten Generation aktiv mit. <\/p>\n\n\n\n<p>Bitte haben Sie Verst\u00e4ndnis, dass wir keine Telefonnummer f\u00fcr den Erstkontakt anbieten, da wir alle in unserer Freizeit f\u00fcr die Entstehung einer Waldorfschule arbeiten. Wenn Sie uns in Ihrer E-Mail eine Telefonnummer angeben, werden wir Sie aber gerne auch telefonisch kontaktieren. <\/p>\n\n\n\n<p><strong>Ihr direkter Kontakt zu uns:<\/strong><\/p>\n\n\n\n<ul class=\"wp-block-list\"><li>Ansprechpartner: Sigrid Cordes<\/li><li><a href=\"mailto:kontakt@waldorfschule-ingolstadt.de\">kontakt@waldorfschule-ingolstadt.de<\/a><\/li><\/ul>\n\n\n\n<p><strong>Vereinsadresse:<\/strong><\/p>\n\n\n\n<ul class=\"wp-block-list\"><li>Alte Ziegelei 1, 85080 Gaimersheim<\/li><\/ul>\n","protected":false},"excerpt":{"rendered":"<p>Eine Waldorfschule in unserer Region ist unser Ziel. Erfahren Sie mehr, erz\u00e4hlen Sie \u00fcber unser Vorhaben in Ihrem Familien- und Bekanntenkreis und machen Sie mit, gestalten Sie die Zukunft der [&hellip;]<\/p>\n","protected":false},"author":1,"featured_media":0,"parent":0,"menu_order":0,"comment_status":"closed","ping_status":"closed","template":"","meta":{"_EventAllDay":false,"_EventTimezone":"","_EventStartDate":"","_EventEndDate":"","_EventStartDateUTC":"","_EventEndDateUTC":"","_EventShowMap":false,"_EventShowMapLink":false,"_EventURL":"","_EventCost":"","_EventCostDescription":"","_EventCurrencySymbol":"","_EventCurrencyCode":"","_EventCurrencyPosition":"","_EventDateTimeSeparator":"","_EventTimeRangeSeparator":"","_EventOrganizerID":[],"_EventVenueID":[],"_OrganizerEmail":"","_OrganizerPhone":"","_OrganizerWebsite":"","_VenueAddress":"","_VenueCity":"","_VenueCountry":"","_VenueProvince":"","_VenueState":"","_VenueZip":"","_VenuePhone":"","_VenueURL":"","_VenueStateProvince":"","_VenueLat":"","_VenueLng":"","_VenueShowMap":false,"_VenueShowMapLink":false,"footnotes":""},"class_list":["post-139","page","type-page","status-publish","hentry"],"_links":{"self":[{"href":"https:\/\/waldorfschule-ingolstadt.de\/index.php?rest_route=\/wp\/v2\/pages\/139","targetHints":{"allow":["GET"]}}],"collection":[{"href":"https:\/\/waldorfschule-ingolstadt.de\/index.php?rest_route=\/wp\/v2\/pages"}],"about":[{"href":"https:\/\/waldorfschule-ingolstadt.de\/index.php?rest_route=\/wp\/v2\/types\/page"}],"author":[{"embeddable":true,"href":"https:\/\/waldorfschule-ingolstadt.de\/index.php?rest_route=\/wp\/v2\/users\/1"}],"replies":[{"embeddable":true,"href":"https:\/\/waldorfschule-ingolstadt.de\/index.php?rest_route=%2Fwp%2Fv2%2Fcomments&post=139"}],"version-history":[{"count":18,"href":"https:\/\/waldorfschule-ingolstadt.de\/index.php?rest_route=\/wp\/v2\/pages\/139\/revisions"}],"predecessor-version":[{"id":1638,"href":"https:\/\/waldorfschule-ingolstadt.de\/index.php?rest_route=\/wp\/v2\/pages\/139\/revisions\/1638"}],"wp:attachment":[{"href":"https:\/\/waldorfschule-ingolstadt.de\/index.php?rest_route=%2Fwp%2Fv2%2Fmedia&parent=139"}],"curies":[{"name":"wp","href":"https:\/\/api.w.org\/{rel}","templated":true}]}}