{"id":150,"date":"2014-07-10T22:58:38","date_gmt":"2014-07-10T20:58:38","guid":{"rendered":"http:\/\/waldorfschule-ingolstadt.de\/wordpress\/?page_id=150"},"modified":"2018-10-21T20:53:31","modified_gmt":"2018-10-21T18:53:31","slug":"sponsoren","status":"publish","type":"page","link":"https:\/\/waldorfschule-ingolstadt.de\/?page_id=150","title":{"rendered":"Sponsoren"},"content":{"rendered":"<p>F\u00fcr ein so gro\u00dfes Projekt sind Unterst\u00fctzer besonders wichtig. Hier m\u00f6chten wir unsere <strong>Sponsoren<\/strong> vorstellen. Auch Sie m\u00f6chten mit Ihrer Firma einen Beitrag zur Schulgr\u00fcndung leisten oder uns w\u00e4hrend des Schulbetriebs unterst\u00fctzen? Sprechen Sie uns an, wir sind dankbar f\u00fcr jegliche Hilfe und Unterst\u00fctzung.<\/p>\n<hr \/>\n<p style=\"padding-left: 30px;\"><strong>Naturm\u00f6bel Einrichtungshaus Ridder\u00b2<\/strong><\/p>\n<p style=\"padding-left: 30px;\"><a href=\"http:\/\/www.ridder2.de\"><img loading=\"lazy\" decoding=\"async\" class=\"alignnone wp-image-329 size-full\" src=\"http:\/\/waldorfschule-ingolstadt.de\/wp-content\/uploads\/2014\/07\/ridder2.jpg\" alt=\"ridder2\" width=\"270\" height=\"102\" \/><\/a><br \/>\nVielen herzlichen Dank an Ridder\u00b2- Naturm\u00f6bel Einrichtungshaus in Ingolstadt.\u00a0Ein tolles Team, das sich Qualit\u00e4t, hochwertigen, gepr\u00fcften und nat\u00fcrlichen Materialien, besonderem Design und Kundenn\u00e4he verschrieben hat.<br \/>\n<a href=\"http:\/\/www.ridder2.de\">www.ridder2.de<\/a><\/p>\n<hr \/>\n<p style=\"padding-left: 30px;\"><strong>Koch M\u00f6belwerkst\u00e4tten<\/strong><\/p>\n<p style=\"padding-left: 30px;\"><a href=\"http:\/\/www.koch-moebel.de\"><img loading=\"lazy\" decoding=\"async\" class=\"alignnone wp-image-330 size-full\" src=\"http:\/\/waldorfschule-ingolstadt.de\/wp-content\/uploads\/2014\/07\/koch_moebel.gif\" alt=\"koch_moebel\" width=\"270\" height=\"100\" \/><\/a><br \/>\nVielen herzlichen Dank an die Firma Koch M\u00f6belwerkst\u00e4tten Karlskron.<br \/>\nEin Betrieb, der seit 1870 auf Qualit\u00e4t und Langlebigkeit setzt und seine Kunden durch individuelle Beratung und besten Service bedient.<br \/>\n<a href=\"http:\/\/www.koch-moebel.de\">www.koch-moebel.de<\/a><\/p>\n<hr \/>\n<p>&nbsp;<\/p>\n","protected":false},"excerpt":{"rendered":"<p>F\u00fcr ein so gro\u00dfes Projekt sind Unterst\u00fctzer besonders wichtig. Hier m\u00f6chten wir unsere Sponsoren vorstellen. Auch Sie m\u00f6chten mit Ihrer Firma einen Beitrag zur Schulgr\u00fcndung leisten oder uns w\u00e4hrend des [&hellip;]<\/p>\n","protected":false},"author":1,"featured_media":0,"parent":143,"menu_order":3,"comment_status":"closed","ping_status":"closed","template":"","meta":{"_EventAllDay":false,"_EventTimezone":"","_EventStartDate":"","_EventEndDate":"","_EventStartDateUTC":"","_EventEndDateUTC":"","_EventShowMap":false,"_EventShowMapLink":false,"_EventURL":"","_EventCost":"","_EventCostDescription":"","_EventCurrencySymbol":"","_EventCurrencyCode":"","_EventCurrencyPosition":"","_EventDateTimeSeparator":"","_EventTimeRangeSeparator":"","_EventOrganizerID":[],"_EventVenueID":[],"_OrganizerEmail":"","_OrganizerPhone":"","_OrganizerWebsite":"","_VenueAddress":"","_VenueCity":"","_VenueCountry":"","_VenueProvince":"","_VenueState":"","_VenueZip":"","_VenuePhone":"","_VenueURL":"","_VenueStateProvince":"","_VenueLat":"","_VenueLng":"","_VenueShowMap":false,"_VenueShowMapLink":false,"footnotes":""},"class_list":["post-150","page","type-page","status-publish","hentry"],"_links":{"self":[{"href":"https:\/\/waldorfschule-ingolstadt.de\/index.php?rest_route=\/wp\/v2\/pages\/150","targetHints":{"allow":["GET"]}}],"collection":[{"href":"https:\/\/waldorfschule-ingolstadt.de\/index.php?rest_route=\/wp\/v2\/pages"}],"about":[{"href":"https:\/\/waldorfschule-ingolstadt.de\/index.php?rest_route=\/wp\/v2\/types\/page"}],"author":[{"embeddable":true,"href":"https:\/\/waldorfschule-ingolstadt.de\/index.php?rest_route=\/wp\/v2\/users\/1"}],"replies":[{"embeddable":true,"href":"https:\/\/waldorfschule-ingolstadt.de\/index.php?rest_route=%2Fwp%2Fv2%2Fcomments&post=150"}],"version-history":[{"count":9,"href":"https:\/\/waldorfschule-ingolstadt.de\/index.php?rest_route=\/wp\/v2\/pages\/150\/revisions"}],"predecessor-version":[{"id":1193,"href":"https:\/\/waldorfschule-ingolstadt.de\/index.php?rest_route=\/wp\/v2\/pages\/150\/revisions\/1193"}],"up":[{"embeddable":true,"href":"https:\/\/waldorfschule-ingolstadt.de\/index.php?rest_route=\/wp\/v2\/pages\/143"}],"wp:attachment":[{"href":"https:\/\/waldorfschule-ingolstadt.de\/index.php?rest_route=%2Fwp%2Fv2%2Fmedia&parent=150"}],"curies":[{"name":"wp","href":"https:\/\/api.w.org\/{rel}","templated":true}]}}