{"id":1396,"date":"2019-07-22T11:36:59","date_gmt":"2019-07-22T09:36:59","guid":{"rendered":"http:\/\/waldorfschule-ingolstadt.de\/?post_type=tribe_events&#038;p=1396"},"modified":"2019-07-22T11:37:00","modified_gmt":"2019-07-22T09:37:00","slug":"aktiventreffen-interessierte-sind-herzlich-willkommen","status":"publish","type":"tribe_events","link":"https:\/\/waldorfschule-ingolstadt.de\/?tribe_events=aktiventreffen-interessierte-sind-herzlich-willkommen","title":{"rendered":"Aktiventreffen (Interessierte sind herzlich willkommen)"},"content":{"rendered":"<div  class=\"tribe-events-schedule tribe-clearfix\" >\n\t<p class=\"tribe-events-schedule__datetime\">\n\t\t<span class=\"tribe-events-schedule__date tribe-events-schedule__date--start\">\n\t\t\t21. September 2019\t\t<\/span>\n\n\t\t\t\t\t<span class=\"tribe-events-schedule__separator tribe-events-schedule__separator--date\">\n\t\t\t\t @ \t\t\t<\/span>\n\t\t\t<span class=\"tribe-events-schedule__time tribe-events-schedule__time--start\">\n\t\t\t\t17:00\t\t\t<\/span>\n\t\t\n\t\t\t\t\t\t\t\t\t<span class=\"tribe-events-schedule__separator tribe-events-schedule__separator--time\">\n\t\t\t\t\t &#8211; \t\t\t\t<\/span>\n\t\t\t\n\t\t\t\t\t\t\t<span class=\"tribe-events-schedule__time tribe-events-schedule__time--end\">\n\t\t\t\t\t19:00\t\t\t\t<\/span>\n\t\t\t\n\t\t\t\t\t\t<\/p>\n<\/div>\n\n\n\n<p>Das n\u00e4chste Aktiventreffen findet am Samstag, den 21. September 2019 <span style=\"color: #ff9900;\">um 17 Uhr im Waldorfkindergarten Ingolstadt<\/span> (Westliche Ringstra\u00dfe 28) statt.<\/p>\n\n\n\n<p>Beim Aktiventreffen handelt es sich um ein regelm\u00e4\u00dfiges Arbeitstreffen des Vereins, bei dem Anthroposophisches, Organisatorisches und Schritte zur Gr\u00fcndung einer Waldorfschule besprochen werden.<\/p>\n\n\n\n<blockquote class=\"wp-block-quote is-layout-flow wp-block-quote-is-layout-flow\"><p>Sich selbst erschaffend stets,\n<br>Wird Seelensein sich selbst gewahr; \n<br>Der Weltengeist, er strebet fort \n<br>In Selbsterkenntnis neu belebt \n<br>Und schafft aus Seelenfinsternis \n<br>Des Selbstsinns Willensfrucht.<\/p><cite> Anthroposophischer Seelenkalender von Rudolf Steiner, Wochenspruch 24<\/cite><\/blockquote>\n\n\n<div  class=\"tribe-block tribe-block__organizer__details tribe-clearfix\" >\n\t<div class=\"tribe-block__organizer__title\">\n\t\t<h3>F\u00f6rderverein Waldorfschule Ingolstadt e.V.<\/h3>\n\t<\/div>\n\t\t\t\t<p class=\"tribe-block__organizer__website\"><a href=\"http:\/\/waldorfschule-ingolstadt.de\" target=\"_blank\" rel=\"noopener noreferrer\">Veranstalter-Website anzeigen<\/a><\/p>\n\t\t\t\t<p class=\"tribe-block__organizer__email\">&#107;&#111;&#110;&#116;a&#107;&#116;&#064;w&#097;l&#100;orf&#115;&#099;h&#117;&#108;&#101;&#045;i&#110;&#103;&#111;&#108;&#115;tadt.de<\/p>\n\t<\/div>\n\n\n\n<h4 class=\"wp-block-heading\">Waldorfkindergarten Ingolstadt<\/h4>\n\n\n\n<p> Westliche Ringstra\u00dfe 28<br> 85049 Ingolstadt<br><a rel=\"noreferrer noopener\" href=\"https:\/\/maps.google.com\/maps?f=q&amp;source=s_q&amp;geocode=&amp;q=Ingolstadt%2C%20Westliche%20Ringstra%C3%9Fe%2028%2C%20Bayern%2C%2085049%2C%20Deutschland\" target=\"_blank\">+ Google Map<\/a><\/p>\n\n\n\n<p>waldorfkindergarten-ingolstadt.de <\/p>\n\n\n\t<div  class=\"tribe-block tribe-block__events-link\" >\n\t\t<div class=\"tribe-events tribe-common\">\n\t\t\t<div class=\"tribe-events-c-subscribe-dropdown__container\">\n\t\t\t\t<div class=\"tribe-events-c-subscribe-dropdown\">\n\t\t\t\t\t<div class=\"tribe-common-c-btn-border tribe-events-c-subscribe-dropdown__button\">\n\t\t\t\t\t\t<svg\n\t class=\"tribe-common-c-svgicon tribe-common-c-svgicon--cal-export tribe-events-c-subscribe-dropdown__export-icon\" \taria-hidden=\"true\"\n\tviewBox=\"0 0 23 17\"\n\txmlns=\"http:\/\/www.w3.org\/2000\/svg\"\n>\n\t<path fill-rule=\"evenodd\" clip-rule=\"evenodd\" d=\"M.128.896V16.13c0 .211.145.383.323.383h15.354c.179 0 .323-.172.323-.383V.896c0-.212-.144-.383-.323-.383H.451C.273.513.128.684.128.896Zm16 6.742h-.901V4.679H1.009v10.729h14.218v-3.336h.901V7.638ZM1.01 1.614h14.218v2.058H1.009V1.614Z\" \/>\n\t<path d=\"M20.5 9.846H8.312M18.524 6.953l2.89 2.909-2.855 2.855\" stroke-width=\"1.2\" stroke-linecap=\"round\" stroke-linejoin=\"round\"\/>\n<\/svg>\n\t\t\t\t\t\t<button\n\t\t\t\t\t\t\tclass=\"tribe-events-c-subscribe-dropdown__button-text\"\n\t\t\t\t\t\t\taria-expanded=\"false\"\n\t\t\t\t\t\t\taria-controls=\"tribe-events-subscribe-dropdown-content\"\n\t\t\t\t\t\t\taria-label=\"Zeige Links an um Veranstaltungen zu deinem Kalender hinzuzuf\u00fcgen\"\n\t\t\t\t\t\t>\n\t\t\t\t\t\t\tZum Kalender hinzuf\u00fcgen\t\t\t\t\t\t<\/button>\n\t\t\t\t\t\t<svg\n\t class=\"tribe-common-c-svgicon tribe-common-c-svgicon--caret-down tribe-events-c-subscribe-dropdown__button-icon\" \taria-hidden=\"true\"\n\tviewBox=\"0 0 10 7\"\n\txmlns=\"http:\/\/www.w3.org\/2000\/svg\"\n>\n\t<path fill-rule=\"evenodd\" clip-rule=\"evenodd\" d=\"M1.008.609L5 4.6 8.992.61l.958.958L5 6.517.05 1.566l.958-.958z\" class=\"tribe-common-c-svgicon__svg-fill\"\/>\n<\/svg>\n\t\t\t\t\t<\/div>\n\t\t\t\t\t<div id=\"tribe-events-subscribe-dropdown-content\" class=\"tribe-events-c-subscribe-dropdown__content\">\n\t\t\t\t\t\t<ul class=\"tribe-events-c-subscribe-dropdown__list\">\n\t\t\t\t\t\t\t\t\t\t\t\t\t\t\t<li class=\"tribe-events-c-subscribe-dropdown__list-item tribe-events-c-subscribe-dropdown__list-item--gcal\">\n\t\t\t\t\t\t\t\t\t<a\n\t\t\t\t\t\t\t\t\t\thref=\"https:\/\/www.google.com\/calendar\/event?action=TEMPLATE&#038;dates=20190921T170000\/20190921T190000&#038;text=Aktiventreffen%20%28Interessierte%20sind%20herzlich%20willkommen%29&#038;details=%3Cp%3EDas+n%C3%A4chste+Aktiventreffen+findet+am+Samstag%2C+den+21.+September+2019+%3Cspan+style%3D%22color%3A+%23ff9900%3B%22%3Eum+17+Uhr+im+Waldorfkindergarten+Ingolstadt%3C%2Fspan%3E+%28Westliche+Ringstra%C3%9Fe+28%29+statt.%3C%2Fp%3E+%3Cblockquote+class%3D%22wp-block-quote%22%3E%3Cp%3ESich+selbst+erschaffend+stets%2C%3Cbr%3EWird+Seelensein+sich+selbst+gewahr%3B+%3Cbr%3EDer+Weltengeist%2C+er+strebet+fort+%3Cbr%3EIn+Selbsterkenntnis+neu+belebt+%3Cbr%3EUnd+schafft+aus+Seelenfinsternis+%3Cbr%3EDes+Selbstsinns+Willensfrucht.%3C%2Fp%3E+%3Ccite%3E+Anthroposophischer+Seelenkalender+von+Rudolf+Steiner%2C+Wochenspruch+24%3C%2Fcite%3E%3C%2Fblockquote%3E%3Cp%3E%3C%2Fp%3E+&#038;trp=false&#038;ctz=Europe\/Berlin&#038;sprop=website:https:\/\/waldorfschule-ingolstadt.de\"\n\t\t\t\t\t\t\t\t\t\tclass=\"tribe-events-c-subscribe-dropdown__list-item-link\"\n\t\t\t\t\t\t\t\t\t\ttarget=\"_blank\"\n\t\t\t\t\t\t\t\t\t\trel=\"noopener noreferrer nofollow noindex\"\n\t\t\t\t\t\t\t\t\t>\n\t\t\t\t\t\t\t\t\t\tGoogle Kalender\t\t\t\t\t\t\t\t\t<\/a>\n\t\t\t\t\t\t\t\t<\/li>\n\t\t\t\t\t\t\t\t\t\t\t\t\t\t\t<li class=\"tribe-events-c-subscribe-dropdown__list-item tribe-events-c-subscribe-dropdown__list-item--ical\">\n\t\t\t\t\t\t\t\t\t<a\n\t\t\t\t\t\t\t\t\t\thref=\"\"\n\t\t\t\t\t\t\t\t\t\tclass=\"tribe-events-c-subscribe-dropdown__list-item-link\"\n\t\t\t\t\t\t\t\t\t\ttarget=\"_blank\"\n\t\t\t\t\t\t\t\t\t\trel=\"noopener noreferrer nofollow noindex\"\n\t\t\t\t\t\t\t\t\t>\n\t\t\t\t\t\t\t\t\t\tiCalendar\t\t\t\t\t\t\t\t\t<\/a>\n\t\t\t\t\t\t\t\t<\/li>\n\t\t\t\t\t\t\t\t\t\t\t\t\t\t\t<li class=\"tribe-events-c-subscribe-dropdown__list-item tribe-events-c-subscribe-dropdown__list-item--outlook-365\">\n\t\t\t\t\t\t\t\t\t<a\n\t\t\t\t\t\t\t\t\t\thref=\"\"\n\t\t\t\t\t\t\t\t\t\tclass=\"tribe-events-c-subscribe-dropdown__list-item-link\"\n\t\t\t\t\t\t\t\t\t\ttarget=\"_blank\"\n\t\t\t\t\t\t\t\t\t\trel=\"noopener noreferrer nofollow noindex\"\n\t\t\t\t\t\t\t\t\t>\n\t\t\t\t\t\t\t\t\t\tOutlook 365\t\t\t\t\t\t\t\t\t<\/a>\n\t\t\t\t\t\t\t\t<\/li>\n\t\t\t\t\t\t\t\t\t\t\t\t\t\t\t<li class=\"tribe-events-c-subscribe-dropdown__list-item tribe-events-c-subscribe-dropdown__list-item--outlook-live\">\n\t\t\t\t\t\t\t\t\t<a\n\t\t\t\t\t\t\t\t\t\thref=\"\"\n\t\t\t\t\t\t\t\t\t\tclass=\"tribe-events-c-subscribe-dropdown__list-item-link\"\n\t\t\t\t\t\t\t\t\t\ttarget=\"_blank\"\n\t\t\t\t\t\t\t\t\t\trel=\"noopener noreferrer nofollow noindex\"\n\t\t\t\t\t\t\t\t\t>\n\t\t\t\t\t\t\t\t\t\tOutlook Live\t\t\t\t\t\t\t\t\t<\/a>\n\t\t\t\t\t\t\t\t<\/li>\n\t\t\t\t\t\t\t\t\t\t\t\t\t<\/ul>\n\t\t\t\t\t<\/div>\n\t\t\t\t<\/div>\n\t\t\t<\/div>\n\t\t<\/div>\n\t<\/div>\n\n\n\n\n<p><\/p>\n","protected":false},"excerpt":{"rendered":"<p>Das n\u00e4chste Aktiventreffen findet am Samstag, den 21. September 2019 um 17 Uhr im Waldorfkindergarten Ingolstadt (Westliche Ringstra\u00dfe 28) statt. Sich selbst erschaffend stets, Wird Seelensein sich selbst gewahr; Der [&hellip;]<\/p>\n","protected":false},"author":3,"featured_media":0,"template":"","meta":{"_EventAllDay":false,"_EventTimezone":"Europe\/Berlin","_EventStartDate":"2019-09-21 17:00:00","_EventEndDate":"2019-09-21 19:00:00","_EventStartDateUTC":"2019-09-21 15:00:00","_EventEndDateUTC":"2019-09-21 17:00:00","_EventShowMap":false,"_EventShowMapLink":false,"_EventURL":"","_EventCost":"","_EventCostDescription":"","_EventCurrencySymbol":"","_EventCurrencyCode":"","_EventCurrencyPosition":"","_EventDateTimeSeparator":" @ ","_EventTimeRangeSeparator":" - ","_EventOrganizerID":[1345],"_EventVenueID":[],"_OrganizerEmail":"","_OrganizerPhone":"","_OrganizerWebsite":"","_VenueAddress":"","_VenueCity":"","_VenueCountry":"","_VenueProvince":"","_VenueState":"","_VenueZip":"","_VenuePhone":"","_VenueURL":"","_VenueStateProvince":"","_VenueLat":"","_VenueLng":"","_VenueShowMap":false,"_VenueShowMapLink":false,"_tribe_events_status":"","_tribe_events_status_reason":"","footnotes":""},"tags":[],"tribe_events_cat":[],"class_list":["post-1396","tribe_events","type-tribe_events","status-publish","hentry"],"_links":{"self":[{"href":"https:\/\/waldorfschule-ingolstadt.de\/index.php?rest_route=\/wp\/v2\/tribe_events\/1396","targetHints":{"allow":["GET"]}}],"collection":[{"href":"https:\/\/waldorfschule-ingolstadt.de\/index.php?rest_route=\/wp\/v2\/tribe_events"}],"about":[{"href":"https:\/\/waldorfschule-ingolstadt.de\/index.php?rest_route=\/wp\/v2\/types\/tribe_events"}],"author":[{"embeddable":true,"href":"https:\/\/waldorfschule-ingolstadt.de\/index.php?rest_route=\/wp\/v2\/users\/3"}],"version-history":[{"count":1,"href":"https:\/\/waldorfschule-ingolstadt.de\/index.php?rest_route=\/wp\/v2\/tribe_events\/1396\/revisions"}],"predecessor-version":[{"id":1403,"href":"https:\/\/waldorfschule-ingolstadt.de\/index.php?rest_route=\/wp\/v2\/tribe_events\/1396\/revisions\/1403"}],"wp:attachment":[{"href":"https:\/\/waldorfschule-ingolstadt.de\/index.php?rest_route=%2Fwp%2Fv2%2Fmedia&parent=1396"}],"wp:term":[{"taxonomy":"post_tag","embeddable":true,"href":"https:\/\/waldorfschule-ingolstadt.de\/index.php?rest_route=%2Fwp%2Fv2%2Ftags&post=1396"},{"taxonomy":"tribe_events_cat","embeddable":true,"href":"https:\/\/waldorfschule-ingolstadt.de\/index.php?rest_route=%2Fwp%2Fv2%2Ftribe_events_cat&post=1396"}],"curies":[{"name":"wp","href":"https:\/\/api.w.org\/{rel}","templated":true}]}}

<div  class="tribe-events-schedule tribe-clearfix" >
	<p class="tribe-events-schedule__datetime">
		<span class="tribe-events-schedule__date tribe-events-schedule__date--start">
			21. September 2019		</span>

					<span class="tribe-events-schedule__separator tribe-events-schedule__separator--date">
				 @ 			</span>
			<span class="tribe-events-schedule__time tribe-events-schedule__time--start">
				17:00			</span>
		
									<span class="tribe-events-schedule__separator tribe-events-schedule__separator--time">
					 &#8211; 				</span>
			
							<span class="tribe-events-schedule__time tribe-events-schedule__time--end">
					19:00				</span>
			
						</p>
</div>



<p>Das nächste Aktiventreffen findet am Samstag, den 21. September 2019 <span style="color: #ff9900;">um 17 Uhr im Waldorfkindergarten Ingolstadt</span> (Westliche Ringstraße 28) statt.</p>



<p>Beim Aktiventreffen handelt es sich um ein regelmäßiges Arbeitstreffen des Vereins, bei dem Anthroposophisches, Organisatorisches und Schritte zur Gründung einer Waldorfschule besprochen werden.</p>



<blockquote class="wp-block-quote is-layout-flow wp-block-quote-is-layout-flow"><p>Sich selbst erschaffend stets,
<br>Wird Seelensein sich selbst gewahr; 
<br>Der Weltengeist, er strebet fort 
<br>In Selbsterkenntnis neu belebt 
<br>Und schafft aus Seelenfinsternis 
<br>Des Selbstsinns Willensfrucht.</p><cite> Anthroposophischer Seelenkalender von Rudolf Steiner, Wochenspruch 24</cite></blockquote>


<div  class="tribe-block tribe-block__organizer__details tribe-clearfix" >
	<div class="tribe-block__organizer__title">
		<h3>Förderverein Waldorfschule Ingolstadt e.V.</h3>
	</div>
				<p class="tribe-block__organizer__website"><a href="http://waldorfschule-ingolstadt.de" target="_blank" rel="noopener noreferrer">Veranstalter-Website anzeigen</a></p>
				<p class="tribe-block__organizer__email">&#107;&#111;&#110;&#116;a&#107;&#116;&#064;w&#097;l&#100;orf&#115;&#099;h&#117;&#108;&#101;&#045;i&#110;&#103;&#111;&#108;&#115;tadt.de</p>
	</div>



<h4 class="wp-block-heading">Waldorfkindergarten Ingolstadt</h4>



<p> Westliche Ringstraße 28<br> 85049 Ingolstadt<br><a rel="noreferrer noopener" href="https://maps.google.com/maps?f=q&amp;source=s_q&amp;geocode=&amp;q=Ingolstadt%2C%20Westliche%20Ringstra%C3%9Fe%2028%2C%20Bayern%2C%2085049%2C%20Deutschland" target="_blank">+ Google Map</a></p>



<p>waldorfkindergarten-ingolstadt.de </p>


	<div  class="tribe-block tribe-block__events-link" >
		<div class="tribe-events tribe-common">
			<div class="tribe-events-c-subscribe-dropdown__container">
				<div class="tribe-events-c-subscribe-dropdown">
					<div class="tribe-common-c-btn-border tribe-events-c-subscribe-dropdown__button">
						<svg
	 class="tribe-common-c-svgicon tribe-common-c-svgicon--cal-export tribe-events-c-subscribe-dropdown__export-icon" 	aria-hidden="true"
	viewBox="0 0 23 17"
	xmlns="http://www.w3.org/2000/svg"
>
	<path fill-rule="evenodd" clip-rule="evenodd" d="M.128.896V16.13c0 .211.145.383.323.383h15.354c.179 0 .323-.172.323-.383V.896c0-.212-.144-.383-.323-.383H.451C.273.513.128.684.128.896Zm16 6.742h-.901V4.679H1.009v10.729h14.218v-3.336h.901V7.638ZM1.01 1.614h14.218v2.058H1.009V1.614Z" />
	<path d="M20.5 9.846H8.312M18.524 6.953l2.89 2.909-2.855 2.855" stroke-width="1.2" stroke-linecap="round" stroke-linejoin="round"/>
</svg>
						<button
							class="tribe-events-c-subscribe-dropdown__button-text"
							aria-expanded="false"
							aria-controls="tribe-events-subscribe-dropdown-content"
							aria-label="Zeige Links an um Veranstaltungen zu deinem Kalender hinzuzufügen"
						>
							Zum Kalender hinzufügen						</button>
						<svg
	 class="tribe-common-c-svgicon tribe-common-c-svgicon--caret-down tribe-events-c-subscribe-dropdown__button-icon" 	aria-hidden="true"
	viewBox="0 0 10 7"
	xmlns="http://www.w3.org/2000/svg"
>
	<path fill-rule="evenodd" clip-rule="evenodd" d="M1.008.609L5 4.6 8.992.61l.958.958L5 6.517.05 1.566l.958-.958z" class="tribe-common-c-svgicon__svg-fill"/>
</svg>
					</div>
					<div id="tribe-events-subscribe-dropdown-content" class="tribe-events-c-subscribe-dropdown__content">
						<ul class="tribe-events-c-subscribe-dropdown__list">
															<li class="tribe-events-c-subscribe-dropdown__list-item tribe-events-c-subscribe-dropdown__list-item--gcal">
									<a
										href="https://www.google.com/calendar/event?action=TEMPLATE&#038;dates=20190921T170000/20190921T190000&#038;text=Aktiventreffen%20%28Interessierte%20sind%20herzlich%20willkommen%29&#038;details=%3Cp%3EDas+n%C3%A4chste+Aktiventreffen+findet+am+Samstag%2C+den+21.+September+2019+%3Cspan+style%3D%22color%3A+%23ff9900%3B%22%3Eum+17+Uhr+im+Waldorfkindergarten+Ingolstadt%3C%2Fspan%3E+%28Westliche+Ringstra%C3%9Fe+28%29+statt.%3C%2Fp%3E+%3Cblockquote+class%3D%22wp-block-quote%22%3E%3Cp%3ESich+selbst+erschaffend+stets%2C%3Cbr%3EWird+Seelensein+sich+selbst+gewahr%3B+%3Cbr%3EDer+Weltengeist%2C+er+strebet+fort+%3Cbr%3EIn+Selbsterkenntnis+neu+belebt+%3Cbr%3EUnd+schafft+aus+Seelenfinsternis+%3Cbr%3EDes+Selbstsinns+Willensfrucht.%3C%2Fp%3E+%3Ccite%3E+Anthroposophischer+Seelenkalender+von+Rudolf+Steiner%2C+Wochenspruch+24%3C%2Fcite%3E%3C%2Fblockquote%3E%3Cp%3E%3C%2Fp%3E+&#038;trp=false&#038;ctz=Europe/Berlin&#038;sprop=website:https://waldorfschule-ingolstadt.de"
										class="tribe-events-c-subscribe-dropdown__list-item-link"
										target="_blank"
										rel="noopener noreferrer nofollow noindex"
									>
										Google Kalender									</a>
								</li>
															<li class="tribe-events-c-subscribe-dropdown__list-item tribe-events-c-subscribe-dropdown__list-item--ical">
									<a
										href=""
										class="tribe-events-c-subscribe-dropdown__list-item-link"
										target="_blank"
										rel="noopener noreferrer nofollow noindex"
									>
										iCalendar									</a>
								</li>
															<li class="tribe-events-c-subscribe-dropdown__list-item tribe-events-c-subscribe-dropdown__list-item--outlook-365">
									<a
										href=""
										class="tribe-events-c-subscribe-dropdown__list-item-link"
										target="_blank"
										rel="noopener noreferrer nofollow noindex"
									>
										Outlook 365									</a>
								</li>
															<li class="tribe-events-c-subscribe-dropdown__list-item tribe-events-c-subscribe-dropdown__list-item--outlook-live">
									<a
										href=""
										class="tribe-events-c-subscribe-dropdown__list-item-link"
										target="_blank"
										rel="noopener noreferrer nofollow noindex"
									>
										Outlook Live									</a>
								</li>
													</ul>
					</div>
				</div>
			</div>
		</div>
	</div>




<p></p>

<p>Das nächste Aktiventreffen findet am Samstag, den 21. September 2019 um 17 Uhr im Waldorfkindergarten Ingolstadt (Westliche Ringstraße 28) statt. Sich selbst erschaffend stets, Wird Seelensein sich selbst gewahr; Der [&hellip;]</p>
